{"id":58,"date":"2023-05-12T17:11:13","date_gmt":"2023-05-12T17:11:13","guid":{"rendered":"https:\/\/metadestinoscv.es\/?page_id=58"},"modified":"2024-01-14T13:13:12","modified_gmt":"2024-01-14T13:13:12","slug":"ies-luis-garcia-berlanga","status":"publish","type":"page","link":"https:\/\/metadestinoscv.es\/index.php\/ies-luis-garcia-berlanga\/","title":{"rendered":"IES Lu\u00eds Garc\u00eda Berlanga\u00a0"},"content":{"rendered":"\t\t<div data-elementor-type=\"wp-page\" data-elementor-id=\"58\" class=\"elementor elementor-58\">\n\t\t\t\t\t\t<section class=\"elementor-section elementor-top-section elementor-element elementor-element-bfef12e elementor-section-boxed elementor-section-height-default elementor-section-height-default\" data-id=\"bfef12e\" data-element_type=\"section\" data-e-type=\"section\">\n\t\t\t\t\t\t<div class=\"elementor-container elementor-column-gap-default\">\n\t\t\t\t\t<div class=\"elementor-column elementor-col-50 elementor-top-column elementor-element elementor-element-3683b1b\" data-id=\"3683b1b\" data-element_type=\"column\" data-e-type=\"column\">\n\t\t\t<div class=\"elementor-widget-wrap elementor-element-populated\">\n\t\t\t\t\t\t<div class=\"elementor-element elementor-element-1380b8a elementor-widget elementor-widget-image\" data-id=\"1380b8a\" data-element_type=\"widget\" data-e-type=\"widget\" data-widget_type=\"image.default\">\n\t\t\t\t<div class=\"elementor-widget-container\">\n\t\t\t\t\t\t\t\t\t\t\t\t\t\t\t\t<a href=\"https:\/\/metadestinoscv.es\/\">\n\t\t\t\t\t\t\t<img fetchpriority=\"high\" decoding=\"async\" width=\"671\" height=\"134\" src=\"https:\/\/metadestinoscv.es\/wp-content\/uploads\/2023\/05\/logo-metadestinos.png\" class=\"attachment-large size-large wp-image-42\" alt=\"LOGO METADESTINOS CV\" srcset=\"https:\/\/metadestinoscv.es\/wp-content\/uploads\/2023\/05\/logo-metadestinos.png 671w, https:\/\/metadestinoscv.es\/wp-content\/uploads\/2023\/05\/logo-metadestinos-300x60.png 300w\" sizes=\"(max-width: 671px) 100vw, 671px\" \/>\t\t\t\t\t\t\t\t<\/a>\n\t\t\t\t\t\t\t\t\t\t\t\t\t\t\t<\/div>\n\t\t\t\t<\/div>\n\t\t\t\t\t<\/div>\n\t\t<\/div>\n\t\t\t\t<div class=\"elementor-column elementor-col-50 elementor-top-column elementor-element elementor-element-f78fcf2\" data-id=\"f78fcf2\" data-element_type=\"column\" data-e-type=\"column\">\n\t\t\t<div class=\"elementor-widget-wrap elementor-element-populated\">\n\t\t\t\t\t\t<div class=\"elementor-element elementor-element-fad567c elementor-widget elementor-widget-heading\" data-id=\"fad567c\" data-element_type=\"widget\" data-e-type=\"widget\" data-widget_type=\"heading.default\">\n\t\t\t\t<div class=\"elementor-widget-container\">\n\t\t\t\t\t<h2 class=\"elementor-heading-title elementor-size-default\">IES LUIS GARC\u00cdA BERLANGA<\/h2>\t\t\t\t<\/div>\n\t\t\t\t<\/div>\n\t\t\t\t\t<\/div>\n\t\t<\/div>\n\t\t\t\t\t<\/div>\n\t\t<\/section>\n\t\t\t\t<section class=\"elementor-section elementor-top-section elementor-element elementor-element-4b34f0d elementor-section-full_width elementor-section-stretched elementor-section-height-default elementor-section-height-default\" data-id=\"4b34f0d\" data-element_type=\"section\" data-e-type=\"section\" data-settings=\"{&quot;stretch_section&quot;:&quot;section-stretched&quot;}\">\n\t\t\t\t\t\t<div class=\"elementor-container elementor-column-gap-default\">\n\t\t\t\t\t<div class=\"elementor-column elementor-col-100 elementor-top-column elementor-element elementor-element-7aa37a4\" data-id=\"7aa37a4\" data-element_type=\"column\" data-e-type=\"column\">\n\t\t\t<div class=\"elementor-widget-wrap elementor-element-populated\">\n\t\t\t\t\t\t<div class=\"elementor-element elementor-element-1d406bf elementor-widget elementor-widget-image\" data-id=\"1d406bf\" data-element_type=\"widget\" data-e-type=\"widget\" data-widget_type=\"image.default\">\n\t\t\t\t<div class=\"elementor-widget-container\">\n\t\t\t\t\t\t\t\t\t\t\t\t\t\t\t<img decoding=\"async\" width=\"2560\" height=\"450\" src=\"https:\/\/metadestinoscv.es\/wp-content\/uploads\/2024\/01\/IES-LUIG-GARCIA-BERLANGA.jpg\" class=\"attachment-full size-full wp-image-353\" alt=\"IES LUIG GARCIA BERLANGA\" srcset=\"https:\/\/metadestinoscv.es\/wp-content\/uploads\/2024\/01\/IES-LUIG-GARCIA-BERLANGA.jpg 2560w, https:\/\/metadestinoscv.es\/wp-content\/uploads\/2024\/01\/IES-LUIG-GARCIA-BERLANGA-300x53.jpg 300w, https:\/\/metadestinoscv.es\/wp-content\/uploads\/2024\/01\/IES-LUIG-GARCIA-BERLANGA-1024x180.jpg 1024w, https:\/\/metadestinoscv.es\/wp-content\/uploads\/2024\/01\/IES-LUIG-GARCIA-BERLANGA-768x135.jpg 768w, https:\/\/metadestinoscv.es\/wp-content\/uploads\/2024\/01\/IES-LUIG-GARCIA-BERLANGA-1536x270.jpg 1536w, https:\/\/metadestinoscv.es\/wp-content\/uploads\/2024\/01\/IES-LUIG-GARCIA-BERLANGA-2048x360.jpg 2048w\" sizes=\"(max-width: 2560px) 100vw, 2560px\" \/>\t\t\t\t\t\t\t\t\t\t\t\t\t\t\t<\/div>\n\t\t\t\t<\/div>\n\t\t\t\t\t<\/div>\n\t\t<\/div>\n\t\t\t\t\t<\/div>\n\t\t<\/section>\n\t\t\t\t<section class=\"elementor-section elementor-top-section elementor-element elementor-element-1342edb4 elementor-section-boxed elementor-section-height-default elementor-section-height-default\" data-id=\"1342edb4\" data-element_type=\"section\" data-e-type=\"section\">\n\t\t\t\t\t\t<div class=\"elementor-container elementor-column-gap-default\">\n\t\t\t\t\t<div class=\"elementor-column elementor-col-100 elementor-top-column elementor-element elementor-element-74dae76e\" data-id=\"74dae76e\" data-element_type=\"column\" data-e-type=\"column\">\n\t\t\t<div class=\"elementor-widget-wrap elementor-element-populated\">\n\t\t\t\t\t\t<div class=\"elementor-element elementor-element-1f8c16da elementor-widget elementor-widget-text-editor\" data-id=\"1f8c16da\" data-element_type=\"widget\" data-e-type=\"widget\" data-widget_type=\"text-editor.default\">\n\t\t\t\t<div class=\"elementor-widget-container\">\n\t\t\t\t\t\t\t\t\t\n<p>El I.E.S. LUIS GARC\u00cdA BERLANGA comienza su andadura en el a\u00f1o 1984 encontr\u00e1ndose su ubicaci\u00f3n a las afueras del municipio de Sant Joan d\u00b4Alacant.&nbsp;&nbsp;<\/p>\n\n\n\n<p>En la actualidad imparte docencia de E.S.O., Bachillerato y Ciclos Formativos de la familia profesional de Imagen y Sonido.&nbsp;<\/p>\n\n\n\n<p>Como es un centro demasiado viejo, se encuentra en un periodo de transici\u00f3n dado que el pr\u00f3ximo curso 2023-2024 nos trasladaremos a una finca pr\u00f3xima donde se est\u00e1 construyendo con aulas prefabricadas todo lo necesario para albergar todas las ense\u00f1anzas. Una vez all\u00ed se proceder\u00e1 a demoler el viejo edificio y se construir\u00e1 el nuevo I.E.S. LUIS GARC\u00cdA BERLANGA con la inestimable ayuda y colaboraci\u00f3n del Excelent\u00edsimo Ayuntamiento de Sant Joan d\u00b4Alacant.&nbsp;<\/p>\n\n\n\n<p>Los grupos de E.S.O. y Bachillerato imparten docencia en el turno de ma\u00f1ana entre las 8:00 h. y las 15:05 h.&nbsp;<\/p>\n\n\n\n<p>La formaci\u00f3n profesional en este turno horario est\u00e1 compuesta por los ciclos formativos de:&nbsp;<\/p>\n\n\n\n<p>V\u00eddeo, disckjockey y sonido&nbsp;<\/p>\n\n\n\n<p>Iluminaci\u00f3n, captaci\u00f3n y tratamiento de imagen&nbsp;<\/p>\n\n\n\n<p>Producci\u00f3n de audiovisuales y espect\u00e1culos&nbsp;<\/p>\n\n\n\n<p>La formaci\u00f3n profesional en el turno horario de tarde se imparte entre las 15:15 h. y las 22:10 h. y est\u00e1 compuesta por los ciclos formativos de:&nbsp;<\/p>\n\n\n\n<p><strong>V\u00eddeo, disckjockey y sonido<\/strong>&nbsp;<\/p>\n\n\n\n<p><strong>Realizaci\u00f3n de proyectos audiovisuales y espect\u00e1culos<\/strong>&nbsp;<\/p>\n\n\n\n<p>Sonido para&nbsp; audiovisuales y espect\u00e1culos&nbsp;<\/p>\n\n\n\n<p><a href=\"http:\/\/portal.edu.gva.es\/03010478\/\" target=\"_blank\" rel=\"noreferrer noopener\">http:\/\/portal.edu.gva.es\/03010478\/<\/a>&nbsp;<\/p>\n\n\n\n<figure class=\"wp-block-image size-full\"><img decoding=\"async\" width=\"888\" height=\"282\" src=\"https:\/\/metadestinoscv.es\/wp-content\/uploads\/2023\/05\/image-14.jpeg\" alt=\"\" class=\"wp-image-122\" srcset=\"https:\/\/metadestinoscv.es\/wp-content\/uploads\/2023\/05\/image-14.jpeg 888w, https:\/\/metadestinoscv.es\/wp-content\/uploads\/2023\/05\/image-14-300x95.jpeg 300w, https:\/\/metadestinoscv.es\/wp-content\/uploads\/2023\/05\/image-14-768x244.jpeg 768w\" sizes=\"(max-width: 888px) 100vw, 888px\" \/><\/figure>\n\n\n\n<figure class=\"wp-block-image size-large\"><img loading=\"lazy\" decoding=\"async\" width=\"1024\" height=\"576\" src=\"https:\/\/metadestinoscv.es\/wp-content\/uploads\/2023\/05\/image-16-1024x576.jpeg\" alt=\"\" class=\"wp-image-124\" srcset=\"https:\/\/metadestinoscv.es\/wp-content\/uploads\/2023\/05\/image-16-1024x576.jpeg 1024w, https:\/\/metadestinoscv.es\/wp-content\/uploads\/2023\/05\/image-16-300x169.jpeg 300w, https:\/\/metadestinoscv.es\/wp-content\/uploads\/2023\/05\/image-16-768x432.jpeg 768w, https:\/\/metadestinoscv.es\/wp-content\/uploads\/2023\/05\/image-16-1536x864.jpeg 1536w, https:\/\/metadestinoscv.es\/wp-content\/uploads\/2023\/05\/image-16.jpeg 1600w\" sizes=\"(max-width: 1024px) 100vw, 1024px\" \/><\/figure>\n\n\n\n<figure class=\"wp-block-image size-large\"><img loading=\"lazy\" decoding=\"async\" width=\"1024\" height=\"316\" src=\"https:\/\/metadestinoscv.es\/wp-content\/uploads\/2023\/05\/image-12-1024x316.jpeg\" alt=\"\" class=\"wp-image-120\" srcset=\"https:\/\/metadestinoscv.es\/wp-content\/uploads\/2023\/05\/image-12-1024x316.jpeg 1024w, https:\/\/metadestinoscv.es\/wp-content\/uploads\/2023\/05\/image-12-300x93.jpeg 300w, https:\/\/metadestinoscv.es\/wp-content\/uploads\/2023\/05\/image-12-768x237.jpeg 768w, https:\/\/metadestinoscv.es\/wp-content\/uploads\/2023\/05\/image-12-1536x474.jpeg 1536w, https:\/\/metadestinoscv.es\/wp-content\/uploads\/2023\/05\/image-12.jpeg 1600w\" sizes=\"(max-width: 1024px) 100vw, 1024px\" \/><\/figure>\n\n\n\n<figure class=\"wp-block-image size-large\"><img loading=\"lazy\" decoding=\"async\" width=\"1024\" height=\"576\" src=\"https:\/\/metadestinoscv.es\/wp-content\/uploads\/2023\/05\/image-15-1024x576.jpeg\" alt=\"\" class=\"wp-image-123\" srcset=\"https:\/\/metadestinoscv.es\/wp-content\/uploads\/2023\/05\/image-15-1024x576.jpeg 1024w, https:\/\/metadestinoscv.es\/wp-content\/uploads\/2023\/05\/image-15-300x169.jpeg 300w, https:\/\/metadestinoscv.es\/wp-content\/uploads\/2023\/05\/image-15-768x432.jpeg 768w, https:\/\/metadestinoscv.es\/wp-content\/uploads\/2023\/05\/image-15-1536x864.jpeg 1536w, https:\/\/metadestinoscv.es\/wp-content\/uploads\/2023\/05\/image-15.jpeg 1600w\" sizes=\"(max-width: 1024px) 100vw, 1024px\" \/><\/figure>\n\n\n\n<figure class=\"wp-block-image size-large\"><img loading=\"lazy\" decoding=\"async\" width=\"1024\" height=\"576\" src=\"https:\/\/metadestinoscv.es\/wp-content\/uploads\/2023\/05\/image-17-1024x576.jpeg\" alt=\"\" class=\"wp-image-125\" srcset=\"https:\/\/metadestinoscv.es\/wp-content\/uploads\/2023\/05\/image-17-1024x576.jpeg 1024w, https:\/\/metadestinoscv.es\/wp-content\/uploads\/2023\/05\/image-17-300x169.jpeg 300w, https:\/\/metadestinoscv.es\/wp-content\/uploads\/2023\/05\/image-17-768x432.jpeg 768w, https:\/\/metadestinoscv.es\/wp-content\/uploads\/2023\/05\/image-17-1536x864.jpeg 1536w, https:\/\/metadestinoscv.es\/wp-content\/uploads\/2023\/05\/image-17.jpeg 1600w\" sizes=\"(max-width: 1024px) 100vw, 1024px\" \/><\/figure>\n\n\n\n<figure class=\"wp-block-image size-large\"><img loading=\"lazy\" decoding=\"async\" width=\"1024\" height=\"683\" src=\"https:\/\/metadestinoscv.es\/wp-content\/uploads\/2023\/05\/image-13-1024x683.jpeg\" alt=\"\" class=\"wp-image-121\" srcset=\"https:\/\/metadestinoscv.es\/wp-content\/uploads\/2023\/05\/image-13-1024x683.jpeg 1024w, https:\/\/metadestinoscv.es\/wp-content\/uploads\/2023\/05\/image-13-300x200.jpeg 300w, https:\/\/metadestinoscv.es\/wp-content\/uploads\/2023\/05\/image-13-768x512.jpeg 768w, https:\/\/metadestinoscv.es\/wp-content\/uploads\/2023\/05\/image-13-1536x1024.jpeg 1536w, https:\/\/metadestinoscv.es\/wp-content\/uploads\/2023\/05\/image-13.jpeg 1600w\" sizes=\"(max-width: 1024px) 100vw, 1024px\" \/><\/figure>\n\t\t\t\t\t\t\t\t<\/div>\n\t\t\t\t<\/div>\n\t\t\t\t\t<\/div>\n\t\t<\/div>\n\t\t\t\t\t<\/div>\n\t\t<\/section>\n\t\t\t\t<section class=\"elementor-section elementor-top-section elementor-element elementor-element-0fc8975 elementor-section-boxed elementor-section-height-default elementor-section-height-default\" data-id=\"0fc8975\" data-element_type=\"section\" data-e-type=\"section\">\n\t\t\t\t\t\t<div class=\"elementor-container elementor-column-gap-default\">\n\t\t\t\t\t<div class=\"elementor-column elementor-col-100 elementor-top-column elementor-element elementor-element-0d3a146\" data-id=\"0d3a146\" data-element_type=\"column\" data-e-type=\"column\">\n\t\t\t<div class=\"elementor-widget-wrap elementor-element-populated\">\n\t\t\t\t\t\t<div class=\"elementor-element elementor-element-bf55f29 elementor-widget elementor-widget-text-editor\" data-id=\"bf55f29\" data-element_type=\"widget\" data-e-type=\"widget\" data-widget_type=\"text-editor.default\">\n\t\t\t\t<div class=\"elementor-widget-container\">\n\t\t\t\t\t\t\t\t\t<p>\u00a9 2024 Metadestino CV. Tu red de destinos virtuales.<\/p>\t\t\t\t\t\t\t\t<\/div>\n\t\t\t\t<\/div>\n\t\t\t\t\t<\/div>\n\t\t<\/div>\n\t\t\t\t\t<\/div>\n\t\t<\/section>\n\t\t\t\t<\/div>\n\t\t","protected":false},"excerpt":{"rendered":"<p>IES LUIS GARC\u00cdA BERLANGA El I.E.S. LUIS GARC\u00cdA BERLANGA comienza su andadura en el a\u00f1o 1984 encontr\u00e1ndose su ubicaci\u00f3n a las afueras del municipio de Sant Joan d\u00b4Alacant.&nbsp;&nbsp; En la actualidad imparte docencia de E.S.O., Bachillerato y Ciclos Formativos de la familia profesional de Imagen y Sonido.&nbsp; Como es un centro demasiado viejo, se encuentra [&hellip;]<\/p>\n","protected":false},"author":1,"featured_media":0,"parent":0,"menu_order":0,"comment_status":"closed","ping_status":"closed","template":"elementor_canvas","meta":{"footnotes":""},"class_list":["post-58","page","type-page","status-publish","hentry"],"yoast_head":"<!-- This site is optimized with the Yoast SEO plugin v27.1.1 - https:\/\/yoast.com\/product\/yoast-seo-wordpress\/ -->\n<title>IES Lu\u00eds Garc\u00eda Berlanga\u00a0 - Metadestinos CV. Tu red de destinos virtuales<\/title>\n<meta name=\"robots\" content=\"index, follow, max-snippet:-1, max-image-preview:large, max-video-preview:-1\" \/>\n<link rel=\"canonical\" href=\"https:\/\/metadestinoscv.es\/index.php\/ies-luis-garcia-berlanga\/\" \/>\n<meta property=\"og:locale\" content=\"es_ES\" \/>\n<meta property=\"og:type\" content=\"article\" \/>\n<meta property=\"og:title\" content=\"IES Lu\u00eds Garc\u00eda Berlanga\u00a0 - Metadestinos CV. Tu red de destinos virtuales\" \/>\n<meta property=\"og:description\" content=\"IES LUIS GARC\u00cdA BERLANGA El I.E.S. LUIS GARC\u00cdA BERLANGA comienza su andadura en el a\u00f1o 1984 encontr\u00e1ndose su ubicaci\u00f3n a las afueras del municipio de Sant Joan d\u00b4Alacant.&nbsp;&nbsp; En la actualidad imparte docencia de E.S.O., Bachillerato y Ciclos Formativos de la familia profesional de Imagen y Sonido.&nbsp; Como es un centro demasiado viejo, se encuentra [&hellip;]\" \/>\n<meta property=\"og:url\" content=\"https:\/\/metadestinoscv.es\/index.php\/ies-luis-garcia-berlanga\/\" \/>\n<meta property=\"og:site_name\" content=\"Metadestinos CV. Tu red de destinos virtuales\" \/>\n<meta property=\"article:modified_time\" content=\"2024-01-14T13:13:12+00:00\" \/>\n<meta property=\"og:image\" content=\"https:\/\/metadestinoscv.es\/wp-content\/uploads\/2023\/05\/logo-metadestinos.png\" \/>\n<meta name=\"twitter:card\" content=\"summary_large_image\" \/>\n<meta name=\"twitter:label1\" content=\"Tiempo de lectura\" \/>\n\t<meta name=\"twitter:data1\" content=\"3 minutos\" \/>\n<script type=\"application\/ld+json\" class=\"yoast-schema-graph\">{\"@context\":\"https:\/\/schema.org\",\"@graph\":[{\"@type\":\"WebPage\",\"@id\":\"https:\/\/metadestinoscv.es\/index.php\/ies-luis-garcia-berlanga\/\",\"url\":\"https:\/\/metadestinoscv.es\/index.php\/ies-luis-garcia-berlanga\/\",\"name\":\"IES Lu\u00eds Garc\u00eda Berlanga\u00a0 - Metadestinos CV. Tu red de destinos virtuales\",\"isPartOf\":{\"@id\":\"https:\/\/metadestinoscv.es\/#website\"},\"primaryImageOfPage\":{\"@id\":\"https:\/\/metadestinoscv.es\/index.php\/ies-luis-garcia-berlanga\/#primaryimage\"},\"image\":{\"@id\":\"https:\/\/metadestinoscv.es\/index.php\/ies-luis-garcia-berlanga\/#primaryimage\"},\"thumbnailUrl\":\"https:\/\/metadestinoscv.es\/wp-content\/uploads\/2023\/05\/logo-metadestinos.png\",\"datePublished\":\"2023-05-12T17:11:13+00:00\",\"dateModified\":\"2024-01-14T13:13:12+00:00\",\"breadcrumb\":{\"@id\":\"https:\/\/metadestinoscv.es\/index.php\/ies-luis-garcia-berlanga\/#breadcrumb\"},\"inLanguage\":\"es\",\"potentialAction\":[{\"@type\":\"ReadAction\",\"target\":[\"https:\/\/metadestinoscv.es\/index.php\/ies-luis-garcia-berlanga\/\"]}]},{\"@type\":\"ImageObject\",\"inLanguage\":\"es\",\"@id\":\"https:\/\/metadestinoscv.es\/index.php\/ies-luis-garcia-berlanga\/#primaryimage\",\"url\":\"https:\/\/metadestinoscv.es\/wp-content\/uploads\/2023\/05\/logo-metadestinos.png\",\"contentUrl\":\"https:\/\/metadestinoscv.es\/wp-content\/uploads\/2023\/05\/logo-metadestinos.png\",\"width\":671,\"height\":134,\"caption\":\"P\u00e1gina principal\"},{\"@type\":\"BreadcrumbList\",\"@id\":\"https:\/\/metadestinoscv.es\/index.php\/ies-luis-garcia-berlanga\/#breadcrumb\",\"itemListElement\":[{\"@type\":\"ListItem\",\"position\":1,\"name\":\"Portada\",\"item\":\"https:\/\/metadestinoscv.es\/\"},{\"@type\":\"ListItem\",\"position\":2,\"name\":\"IES Lu\u00eds Garc\u00eda Berlanga\u00a0\"}]},{\"@type\":\"WebSite\",\"@id\":\"https:\/\/metadestinoscv.es\/#website\",\"url\":\"https:\/\/metadestinoscv.es\/\",\"name\":\"Metadestinos CV. Tu red de destinos virtuales\",\"description\":\"Metadestinos CV. Tu red de destinos virtuales\",\"publisher\":{\"@id\":\"https:\/\/metadestinoscv.es\/#organization\"},\"alternateName\":\"Metadestinos\",\"potentialAction\":[{\"@type\":\"SearchAction\",\"target\":{\"@type\":\"EntryPoint\",\"urlTemplate\":\"https:\/\/metadestinoscv.es\/?s={search_term_string}\"},\"query-input\":{\"@type\":\"PropertyValueSpecification\",\"valueRequired\":true,\"valueName\":\"search_term_string\"}}],\"inLanguage\":\"es\"},{\"@type\":\"Organization\",\"@id\":\"https:\/\/metadestinoscv.es\/#organization\",\"name\":\"Metadestinos CV. Tu red de destinos virtuales\",\"alternateName\":\"Metadestinos\",\"url\":\"https:\/\/metadestinoscv.es\/\",\"logo\":{\"@type\":\"ImageObject\",\"inLanguage\":\"es\",\"@id\":\"https:\/\/metadestinoscv.es\/#\/schema\/logo\/image\/\",\"url\":\"https:\/\/metadestinoscv.es\/wp-content\/uploads\/2023\/05\/logo-metadestinos.png\",\"contentUrl\":\"https:\/\/metadestinoscv.es\/wp-content\/uploads\/2023\/05\/logo-metadestinos.png\",\"width\":671,\"height\":134,\"caption\":\"Metadestinos CV. Tu red de destinos virtuales\"},\"image\":{\"@id\":\"https:\/\/metadestinoscv.es\/#\/schema\/logo\/image\/\"}}]}<\/script>\n<!-- \/ Yoast SEO plugin. -->","yoast_head_json":{"title":"IES Lu\u00eds Garc\u00eda Berlanga\u00a0 - Metadestinos CV. Tu red de destinos virtuales","robots":{"index":"index","follow":"follow","max-snippet":"max-snippet:-1","max-image-preview":"max-image-preview:large","max-video-preview":"max-video-preview:-1"},"canonical":"https:\/\/metadestinoscv.es\/index.php\/ies-luis-garcia-berlanga\/","og_locale":"es_ES","og_type":"article","og_title":"IES Lu\u00eds Garc\u00eda Berlanga\u00a0 - Metadestinos CV. Tu red de destinos virtuales","og_description":"IES LUIS GARC\u00cdA BERLANGA El I.E.S. LUIS GARC\u00cdA BERLANGA comienza su andadura en el a\u00f1o 1984 encontr\u00e1ndose su ubicaci\u00f3n a las afueras del municipio de Sant Joan d\u00b4Alacant.&nbsp;&nbsp; En la actualidad imparte docencia de E.S.O., Bachillerato y Ciclos Formativos de la familia profesional de Imagen y Sonido.&nbsp; Como es un centro demasiado viejo, se encuentra [&hellip;]","og_url":"https:\/\/metadestinoscv.es\/index.php\/ies-luis-garcia-berlanga\/","og_site_name":"Metadestinos CV. Tu red de destinos virtuales","article_modified_time":"2024-01-14T13:13:12+00:00","og_image":[{"url":"https:\/\/metadestinoscv.es\/wp-content\/uploads\/2023\/05\/logo-metadestinos.png","type":"","width":"","height":""}],"twitter_card":"summary_large_image","twitter_misc":{"Tiempo de lectura":"3 minutos"},"schema":{"@context":"https:\/\/schema.org","@graph":[{"@type":"WebPage","@id":"https:\/\/metadestinoscv.es\/index.php\/ies-luis-garcia-berlanga\/","url":"https:\/\/metadestinoscv.es\/index.php\/ies-luis-garcia-berlanga\/","name":"IES Lu\u00eds Garc\u00eda Berlanga\u00a0 - Metadestinos CV. Tu red de destinos virtuales","isPartOf":{"@id":"https:\/\/metadestinoscv.es\/#website"},"primaryImageOfPage":{"@id":"https:\/\/metadestinoscv.es\/index.php\/ies-luis-garcia-berlanga\/#primaryimage"},"image":{"@id":"https:\/\/metadestinoscv.es\/index.php\/ies-luis-garcia-berlanga\/#primaryimage"},"thumbnailUrl":"https:\/\/metadestinoscv.es\/wp-content\/uploads\/2023\/05\/logo-metadestinos.png","datePublished":"2023-05-12T17:11:13+00:00","dateModified":"2024-01-14T13:13:12+00:00","breadcrumb":{"@id":"https:\/\/metadestinoscv.es\/index.php\/ies-luis-garcia-berlanga\/#breadcrumb"},"inLanguage":"es","potentialAction":[{"@type":"ReadAction","target":["https:\/\/metadestinoscv.es\/index.php\/ies-luis-garcia-berlanga\/"]}]},{"@type":"ImageObject","inLanguage":"es","@id":"https:\/\/metadestinoscv.es\/index.php\/ies-luis-garcia-berlanga\/#primaryimage","url":"https:\/\/metadestinoscv.es\/wp-content\/uploads\/2023\/05\/logo-metadestinos.png","contentUrl":"https:\/\/metadestinoscv.es\/wp-content\/uploads\/2023\/05\/logo-metadestinos.png","width":671,"height":134,"caption":"P\u00e1gina principal"},{"@type":"BreadcrumbList","@id":"https:\/\/metadestinoscv.es\/index.php\/ies-luis-garcia-berlanga\/#breadcrumb","itemListElement":[{"@type":"ListItem","position":1,"name":"Portada","item":"https:\/\/metadestinoscv.es\/"},{"@type":"ListItem","position":2,"name":"IES Lu\u00eds Garc\u00eda Berlanga\u00a0"}]},{"@type":"WebSite","@id":"https:\/\/metadestinoscv.es\/#website","url":"https:\/\/metadestinoscv.es\/","name":"Metadestinos CV. Tu red de destinos virtuales","description":"Metadestinos CV. Tu red de destinos virtuales","publisher":{"@id":"https:\/\/metadestinoscv.es\/#organization"},"alternateName":"Metadestinos","potentialAction":[{"@type":"SearchAction","target":{"@type":"EntryPoint","urlTemplate":"https:\/\/metadestinoscv.es\/?s={search_term_string}"},"query-input":{"@type":"PropertyValueSpecification","valueRequired":true,"valueName":"search_term_string"}}],"inLanguage":"es"},{"@type":"Organization","@id":"https:\/\/metadestinoscv.es\/#organization","name":"Metadestinos CV. Tu red de destinos virtuales","alternateName":"Metadestinos","url":"https:\/\/metadestinoscv.es\/","logo":{"@type":"ImageObject","inLanguage":"es","@id":"https:\/\/metadestinoscv.es\/#\/schema\/logo\/image\/","url":"https:\/\/metadestinoscv.es\/wp-content\/uploads\/2023\/05\/logo-metadestinos.png","contentUrl":"https:\/\/metadestinoscv.es\/wp-content\/uploads\/2023\/05\/logo-metadestinos.png","width":671,"height":134,"caption":"Metadestinos CV. Tu red de destinos virtuales"},"image":{"@id":"https:\/\/metadestinoscv.es\/#\/schema\/logo\/image\/"}}]}},"_links":{"self":[{"href":"https:\/\/metadestinoscv.es\/index.php\/wp-json\/wp\/v2\/pages\/58","targetHints":{"allow":["GET"]}}],"collection":[{"href":"https:\/\/metadestinoscv.es\/index.php\/wp-json\/wp\/v2\/pages"}],"about":[{"href":"https:\/\/metadestinoscv.es\/index.php\/wp-json\/wp\/v2\/types\/page"}],"author":[{"embeddable":true,"href":"https:\/\/metadestinoscv.es\/index.php\/wp-json\/wp\/v2\/users\/1"}],"replies":[{"embeddable":true,"href":"https:\/\/metadestinoscv.es\/index.php\/wp-json\/wp\/v2\/comments?post=58"}],"version-history":[{"count":5,"href":"https:\/\/metadestinoscv.es\/index.php\/wp-json\/wp\/v2\/pages\/58\/revisions"}],"predecessor-version":[{"id":356,"href":"https:\/\/metadestinoscv.es\/index.php\/wp-json\/wp\/v2\/pages\/58\/revisions\/356"}],"wp:attachment":[{"href":"https:\/\/metadestinoscv.es\/index.php\/wp-json\/wp\/v2\/media?parent=58"}],"curies":[{"name":"wp","href":"https:\/\/api.w.org\/{rel}","templated":true}]}}