{"id":55,"date":"2023-05-12T17:10:40","date_gmt":"2023-05-12T17:10:40","guid":{"rendered":"https:\/\/metadestinoscv.es\/?page_id=55"},"modified":"2024-01-14T13:21:38","modified_gmt":"2024-01-14T13:21:38","slug":"ies-antonio-jose-cavanilles","status":"publish","type":"page","link":"https:\/\/metadestinoscv.es\/index.php\/ies-antonio-jose-cavanilles\/","title":{"rendered":"IES Antonio Jos\u00e9 Cavanilles\u00a0"},"content":{"rendered":"\t\t<div data-elementor-type=\"wp-page\" data-elementor-id=\"55\" class=\"elementor elementor-55\">\n\t\t\t\t\t\t<section class=\"elementor-section elementor-top-section elementor-element elementor-element-c876b75 elementor-section-boxed elementor-section-height-default elementor-section-height-default\" data-id=\"c876b75\" data-element_type=\"section\" data-e-type=\"section\">\n\t\t\t\t\t\t<div class=\"elementor-container elementor-column-gap-default\">\n\t\t\t\t\t<div class=\"elementor-column elementor-col-50 elementor-top-column elementor-element elementor-element-539beed\" data-id=\"539beed\" data-element_type=\"column\" data-e-type=\"column\">\n\t\t\t<div class=\"elementor-widget-wrap elementor-element-populated\">\n\t\t\t\t\t\t<div class=\"elementor-element elementor-element-af0c24c elementor-widget elementor-widget-image\" data-id=\"af0c24c\" data-element_type=\"widget\" data-e-type=\"widget\" data-widget_type=\"image.default\">\n\t\t\t\t<div class=\"elementor-widget-container\">\n\t\t\t\t\t\t\t\t\t\t\t\t\t\t\t\t<a href=\"https:\/\/metadestinoscv.es\/\">\n\t\t\t\t\t\t\t<img fetchpriority=\"high\" decoding=\"async\" width=\"671\" height=\"134\" src=\"https:\/\/metadestinoscv.es\/wp-content\/uploads\/2023\/05\/logo-metadestinos.png\" class=\"attachment-large size-large wp-image-42\" alt=\"LOGO METADESTINOS CV\" srcset=\"https:\/\/metadestinoscv.es\/wp-content\/uploads\/2023\/05\/logo-metadestinos.png 671w, https:\/\/metadestinoscv.es\/wp-content\/uploads\/2023\/05\/logo-metadestinos-300x60.png 300w\" sizes=\"(max-width: 671px) 100vw, 671px\" \/>\t\t\t\t\t\t\t\t<\/a>\n\t\t\t\t\t\t\t\t\t\t\t\t\t\t\t<\/div>\n\t\t\t\t<\/div>\n\t\t\t\t\t<\/div>\n\t\t<\/div>\n\t\t\t\t<div class=\"elementor-column elementor-col-50 elementor-top-column elementor-element elementor-element-91a805c\" data-id=\"91a805c\" data-element_type=\"column\" data-e-type=\"column\">\n\t\t\t<div class=\"elementor-widget-wrap elementor-element-populated\">\n\t\t\t\t\t\t<div class=\"elementor-element elementor-element-3a3ef73 elementor-widget elementor-widget-heading\" data-id=\"3a3ef73\" data-element_type=\"widget\" data-e-type=\"widget\" data-widget_type=\"heading.default\">\n\t\t\t\t<div class=\"elementor-widget-container\">\n\t\t\t\t\t<h2 class=\"elementor-heading-title elementor-size-default\">IES ANONIO JOS\u00c9 CAVANILLES<\/h2>\t\t\t\t<\/div>\n\t\t\t\t<\/div>\n\t\t\t\t\t<\/div>\n\t\t<\/div>\n\t\t\t\t\t<\/div>\n\t\t<\/section>\n\t\t\t\t<section class=\"elementor-section elementor-top-section elementor-element elementor-element-de493dd elementor-section-full_width elementor-section-stretched elementor-section-height-default elementor-section-height-default\" data-id=\"de493dd\" data-element_type=\"section\" data-e-type=\"section\" data-settings=\"{&quot;stretch_section&quot;:&quot;section-stretched&quot;}\">\n\t\t\t\t\t\t<div class=\"elementor-container elementor-column-gap-default\">\n\t\t\t\t\t<div class=\"elementor-column elementor-col-100 elementor-top-column elementor-element elementor-element-c3a90ec\" data-id=\"c3a90ec\" data-element_type=\"column\" data-e-type=\"column\">\n\t\t\t<div class=\"elementor-widget-wrap elementor-element-populated\">\n\t\t\t\t\t\t<div class=\"elementor-element elementor-element-fc88735 elementor-widget elementor-widget-image\" data-id=\"fc88735\" data-element_type=\"widget\" data-e-type=\"widget\" data-widget_type=\"image.default\">\n\t\t\t\t<div class=\"elementor-widget-container\">\n\t\t\t\t\t\t\t\t\t\t\t\t\t\t\t<img decoding=\"async\" width=\"2560\" height=\"450\" src=\"https:\/\/metadestinoscv.es\/wp-content\/uploads\/2024\/01\/IES-CAVANILLES.jpg\" class=\"attachment-full size-full wp-image-358\" alt=\"IES ANTONIO JOS\u00c9 CAVANILLES\" srcset=\"https:\/\/metadestinoscv.es\/wp-content\/uploads\/2024\/01\/IES-CAVANILLES.jpg 2560w, https:\/\/metadestinoscv.es\/wp-content\/uploads\/2024\/01\/IES-CAVANILLES-300x53.jpg 300w, https:\/\/metadestinoscv.es\/wp-content\/uploads\/2024\/01\/IES-CAVANILLES-1024x180.jpg 1024w, https:\/\/metadestinoscv.es\/wp-content\/uploads\/2024\/01\/IES-CAVANILLES-768x135.jpg 768w, https:\/\/metadestinoscv.es\/wp-content\/uploads\/2024\/01\/IES-CAVANILLES-1536x270.jpg 1536w, https:\/\/metadestinoscv.es\/wp-content\/uploads\/2024\/01\/IES-CAVANILLES-2048x360.jpg 2048w\" sizes=\"(max-width: 2560px) 100vw, 2560px\" \/>\t\t\t\t\t\t\t\t\t\t\t\t\t\t\t<\/div>\n\t\t\t\t<\/div>\n\t\t\t\t\t<\/div>\n\t\t<\/div>\n\t\t\t\t\t<\/div>\n\t\t<\/section>\n\t\t\t\t<section class=\"elementor-section elementor-top-section elementor-element elementor-element-5a7a40c8 elementor-section-boxed elementor-section-height-default elementor-section-height-default\" data-id=\"5a7a40c8\" data-element_type=\"section\" data-e-type=\"section\">\n\t\t\t\t\t\t<div class=\"elementor-container elementor-column-gap-default\">\n\t\t\t\t\t<div class=\"elementor-column elementor-col-100 elementor-top-column elementor-element elementor-element-35aca541\" data-id=\"35aca541\" data-element_type=\"column\" data-e-type=\"column\">\n\t\t\t<div class=\"elementor-widget-wrap elementor-element-populated\">\n\t\t\t\t\t\t<div class=\"elementor-element elementor-element-5cf5e46a elementor-widget elementor-widget-text-editor\" data-id=\"5cf5e46a\" data-element_type=\"widget\" data-e-type=\"widget\" data-widget_type=\"text-editor.default\">\n\t\t\t\t<div class=\"elementor-widget-container\">\n\t\t\t\t\t\t\t\t\t<p><\/p>\n<p>El\u202f<strong>IES Antonio Jos\u00e9 Cavanilles<\/strong>, conocido popularmente como el\u202f<strong>Instituto Polit\u00e9cnico de Alicante<\/strong>, es un instituto de la ciudad de Alicante.\u00a0<\/p>\n<p><\/p>\n<p><\/p>\n<p>Fue creado como Instituto Polit\u00e9cnico de Formaci\u00f3n Profesional a partir de la antigua Escuela de Trabajo. La Escuela de Trabajo fue fundada en 1927, en el solar de la calle Carratal\u00e1, que actualmente ocupa la Direcci\u00f3n Territorial de la Conselleria de Educaci\u00f3n. El actual edificio fue construido en 1958 seg\u00fan el proyecto del arquitecto\u202fJuan Antonio Garc\u00eda Solera\u202fe inaugurado en 1967 y, aunque ha sido ampliado y reformado en varias ocasiones, sigue conservando muchos de los elementos de la construcci\u00f3n original. Sus instalaciones incluyen aulas, talleres, tres pistas deportivas, 2 patios y un sal\u00f3n de actos con capacidad para 300 personas, todo lo cual ocupa una extensi\u00f3n de 12.140 m\u00b2.\u00a0<\/p>\n<p><\/p>\n<p><\/p>\n<p>Oferta formativa\u00a0<\/p>\n<p><\/p>\n<p><\/p>\n<p><a href=\"http:\/\/cavanilles.org\/\" target=\"_blank\" rel=\"noreferrer noopener\">http:\/\/cavanilles.org\/<\/a>\u00a0<\/p>\n<p><\/p>\n<p><\/p>\n<p>ESO\u00a0<\/p>\n<p><\/p>\n<p><\/p>\n<p>BACHILLERATO\u00a0<\/p>\n<p><\/p>\n<p><\/p>\n<p>CICLOS FP GRADO MEDIO SUPERIOR\u00a0\u00a0<\/p>\n<p><\/p>\n<p><\/p>\n<p><strong>Participa en el proyecto el ciclo formativo de grado superior de <\/strong>Sistemas Telecomunicaciones e Inform\u00e1ticos\u00a0<\/p>\n<p><\/p>\n<p><\/p>\n<figure class=\"wp-block-image size-full\"><img decoding=\"async\" width=\"709\" height=\"247\" class=\"wp-image-115\" src=\"https:\/\/metadestinoscv.es\/wp-content\/uploads\/2023\/05\/image-9.jpeg\" alt=\"\" srcset=\"https:\/\/metadestinoscv.es\/wp-content\/uploads\/2023\/05\/image-9.jpeg 709w, https:\/\/metadestinoscv.es\/wp-content\/uploads\/2023\/05\/image-9-300x105.jpeg 300w\" sizes=\"(max-width: 709px) 100vw, 709px\" \/><\/figure>\n<p><\/p>\n<p><\/p>\n<figure class=\"wp-block-image size-large\"><img loading=\"lazy\" decoding=\"async\" width=\"1024\" height=\"576\" class=\"wp-image-117\" src=\"https:\/\/metadestinoscv.es\/wp-content\/uploads\/2023\/05\/image-10-1024x576.jpeg\" alt=\"\" srcset=\"https:\/\/metadestinoscv.es\/wp-content\/uploads\/2023\/05\/image-10-1024x576.jpeg 1024w, https:\/\/metadestinoscv.es\/wp-content\/uploads\/2023\/05\/image-10-300x169.jpeg 300w, https:\/\/metadestinoscv.es\/wp-content\/uploads\/2023\/05\/image-10-768x432.jpeg 768w, https:\/\/metadestinoscv.es\/wp-content\/uploads\/2023\/05\/image-10-1536x864.jpeg 1536w, https:\/\/metadestinoscv.es\/wp-content\/uploads\/2023\/05\/image-10.jpeg 1600w\" sizes=\"(max-width: 1024px) 100vw, 1024px\" \/><\/figure>\n<p><\/p>\n<p><\/p>\n<figure class=\"wp-block-image size-large\"><img loading=\"lazy\" decoding=\"async\" width=\"1024\" height=\"768\" class=\"wp-image-118\" src=\"https:\/\/metadestinoscv.es\/wp-content\/uploads\/2023\/05\/image-11-1024x768.jpeg\" alt=\"\" srcset=\"https:\/\/metadestinoscv.es\/wp-content\/uploads\/2023\/05\/image-11-1024x768.jpeg 1024w, https:\/\/metadestinoscv.es\/wp-content\/uploads\/2023\/05\/image-11-300x225.jpeg 300w, https:\/\/metadestinoscv.es\/wp-content\/uploads\/2023\/05\/image-11-768x576.jpeg 768w, https:\/\/metadestinoscv.es\/wp-content\/uploads\/2023\/05\/image-11.jpeg 1163w\" sizes=\"(max-width: 1024px) 100vw, 1024px\" \/><\/figure>\n<p><\/p>\n<p><\/p>\t\t\t\t\t\t\t\t<\/div>\n\t\t\t\t<\/div>\n\t\t\t\t\t<\/div>\n\t\t<\/div>\n\t\t\t\t\t<\/div>\n\t\t<\/section>\n\t\t\t\t<section class=\"elementor-section elementor-top-section elementor-element elementor-element-37ddda8 elementor-section-boxed elementor-section-height-default elementor-section-height-default\" data-id=\"37ddda8\" data-element_type=\"section\" data-e-type=\"section\">\n\t\t\t\t\t\t<div class=\"elementor-container elementor-column-gap-default\">\n\t\t\t\t\t<div class=\"elementor-column elementor-col-100 elementor-top-column elementor-element elementor-element-52d0ffb\" data-id=\"52d0ffb\" data-element_type=\"column\" data-e-type=\"column\">\n\t\t\t<div class=\"elementor-widget-wrap elementor-element-populated\">\n\t\t\t\t\t\t<div class=\"elementor-element elementor-element-e1c5955 elementor-widget elementor-widget-text-editor\" data-id=\"e1c5955\" data-element_type=\"widget\" data-e-type=\"widget\" data-widget_type=\"text-editor.default\">\n\t\t\t\t<div class=\"elementor-widget-container\">\n\t\t\t\t\t\t\t\t\t<p>\u00a9 2024 Metadestino CV. Tu red de destinos virtuales.<\/p>\t\t\t\t\t\t\t\t<\/div>\n\t\t\t\t<\/div>\n\t\t\t\t\t<\/div>\n\t\t<\/div>\n\t\t\t\t\t<\/div>\n\t\t<\/section>\n\t\t\t\t<\/div>\n\t\t","protected":false},"excerpt":{"rendered":"<p>IES ANONIO JOS\u00c9 CAVANILLES El\u202fIES Antonio Jos\u00e9 Cavanilles, conocido popularmente como el\u202fInstituto Polit\u00e9cnico de Alicante, es un instituto de la ciudad de Alicante.\u00a0 Fue creado como Instituto Polit\u00e9cnico de Formaci\u00f3n Profesional a partir de la antigua Escuela de Trabajo. La Escuela de Trabajo fue fundada en 1927, en el solar de la calle Carratal\u00e1, que [&hellip;]<\/p>\n","protected":false},"author":1,"featured_media":0,"parent":0,"menu_order":0,"comment_status":"closed","ping_status":"closed","template":"elementor_canvas","meta":{"footnotes":""},"class_list":["post-55","page","type-page","status-publish","hentry"],"yoast_head":"<!-- This site is optimized with the Yoast SEO plugin v27.1.1 - https:\/\/yoast.com\/product\/yoast-seo-wordpress\/ -->\n<title>IES Antonio Jos\u00e9 Cavanilles\u00a0 - Metadestinos CV. Tu red de destinos virtuales<\/title>\n<meta name=\"robots\" content=\"index, follow, max-snippet:-1, max-image-preview:large, max-video-preview:-1\" \/>\n<link rel=\"canonical\" href=\"https:\/\/metadestinoscv.es\/index.php\/ies-antonio-jose-cavanilles\/\" \/>\n<meta property=\"og:locale\" content=\"es_ES\" \/>\n<meta property=\"og:type\" content=\"article\" \/>\n<meta property=\"og:title\" content=\"IES Antonio Jos\u00e9 Cavanilles\u00a0 - Metadestinos CV. Tu red de destinos virtuales\" \/>\n<meta property=\"og:description\" content=\"IES ANONIO JOS\u00c9 CAVANILLES El\u202fIES Antonio Jos\u00e9 Cavanilles, conocido popularmente como el\u202fInstituto Polit\u00e9cnico de Alicante, es un instituto de la ciudad de Alicante.\u00a0 Fue creado como Instituto Polit\u00e9cnico de Formaci\u00f3n Profesional a partir de la antigua Escuela de Trabajo. La Escuela de Trabajo fue fundada en 1927, en el solar de la calle Carratal\u00e1, que [&hellip;]\" \/>\n<meta property=\"og:url\" content=\"https:\/\/metadestinoscv.es\/index.php\/ies-antonio-jose-cavanilles\/\" \/>\n<meta property=\"og:site_name\" content=\"Metadestinos CV. Tu red de destinos virtuales\" \/>\n<meta property=\"article:modified_time\" content=\"2024-01-14T13:21:38+00:00\" \/>\n<meta property=\"og:image\" content=\"https:\/\/metadestinoscv.es\/wp-content\/uploads\/2023\/05\/logo-metadestinos.png\" \/>\n<meta name=\"twitter:card\" content=\"summary_large_image\" \/>\n<meta name=\"twitter:label1\" content=\"Tiempo de lectura\" \/>\n\t<meta name=\"twitter:data1\" content=\"2 minutos\" \/>\n<script type=\"application\/ld+json\" class=\"yoast-schema-graph\">{\"@context\":\"https:\/\/schema.org\",\"@graph\":[{\"@type\":\"WebPage\",\"@id\":\"https:\/\/metadestinoscv.es\/index.php\/ies-antonio-jose-cavanilles\/\",\"url\":\"https:\/\/metadestinoscv.es\/index.php\/ies-antonio-jose-cavanilles\/\",\"name\":\"IES Antonio Jos\u00e9 Cavanilles\u00a0 - Metadestinos CV. Tu red de destinos virtuales\",\"isPartOf\":{\"@id\":\"https:\/\/metadestinoscv.es\/#website\"},\"primaryImageOfPage\":{\"@id\":\"https:\/\/metadestinoscv.es\/index.php\/ies-antonio-jose-cavanilles\/#primaryimage\"},\"image\":{\"@id\":\"https:\/\/metadestinoscv.es\/index.php\/ies-antonio-jose-cavanilles\/#primaryimage\"},\"thumbnailUrl\":\"https:\/\/metadestinoscv.es\/wp-content\/uploads\/2023\/05\/logo-metadestinos.png\",\"datePublished\":\"2023-05-12T17:10:40+00:00\",\"dateModified\":\"2024-01-14T13:21:38+00:00\",\"breadcrumb\":{\"@id\":\"https:\/\/metadestinoscv.es\/index.php\/ies-antonio-jose-cavanilles\/#breadcrumb\"},\"inLanguage\":\"es\",\"potentialAction\":[{\"@type\":\"ReadAction\",\"target\":[\"https:\/\/metadestinoscv.es\/index.php\/ies-antonio-jose-cavanilles\/\"]}]},{\"@type\":\"ImageObject\",\"inLanguage\":\"es\",\"@id\":\"https:\/\/metadestinoscv.es\/index.php\/ies-antonio-jose-cavanilles\/#primaryimage\",\"url\":\"https:\/\/metadestinoscv.es\/wp-content\/uploads\/2023\/05\/logo-metadestinos.png\",\"contentUrl\":\"https:\/\/metadestinoscv.es\/wp-content\/uploads\/2023\/05\/logo-metadestinos.png\",\"width\":671,\"height\":134,\"caption\":\"P\u00e1gina principal\"},{\"@type\":\"BreadcrumbList\",\"@id\":\"https:\/\/metadestinoscv.es\/index.php\/ies-antonio-jose-cavanilles\/#breadcrumb\",\"itemListElement\":[{\"@type\":\"ListItem\",\"position\":1,\"name\":\"Portada\",\"item\":\"https:\/\/metadestinoscv.es\/\"},{\"@type\":\"ListItem\",\"position\":2,\"name\":\"IES Antonio Jos\u00e9 Cavanilles\u00a0\"}]},{\"@type\":\"WebSite\",\"@id\":\"https:\/\/metadestinoscv.es\/#website\",\"url\":\"https:\/\/metadestinoscv.es\/\",\"name\":\"Metadestinos CV. Tu red de destinos virtuales\",\"description\":\"Metadestinos CV. Tu red de destinos virtuales\",\"publisher\":{\"@id\":\"https:\/\/metadestinoscv.es\/#organization\"},\"alternateName\":\"Metadestinos\",\"potentialAction\":[{\"@type\":\"SearchAction\",\"target\":{\"@type\":\"EntryPoint\",\"urlTemplate\":\"https:\/\/metadestinoscv.es\/?s={search_term_string}\"},\"query-input\":{\"@type\":\"PropertyValueSpecification\",\"valueRequired\":true,\"valueName\":\"search_term_string\"}}],\"inLanguage\":\"es\"},{\"@type\":\"Organization\",\"@id\":\"https:\/\/metadestinoscv.es\/#organization\",\"name\":\"Metadestinos CV. Tu red de destinos virtuales\",\"alternateName\":\"Metadestinos\",\"url\":\"https:\/\/metadestinoscv.es\/\",\"logo\":{\"@type\":\"ImageObject\",\"inLanguage\":\"es\",\"@id\":\"https:\/\/metadestinoscv.es\/#\/schema\/logo\/image\/\",\"url\":\"https:\/\/metadestinoscv.es\/wp-content\/uploads\/2023\/05\/logo-metadestinos.png\",\"contentUrl\":\"https:\/\/metadestinoscv.es\/wp-content\/uploads\/2023\/05\/logo-metadestinos.png\",\"width\":671,\"height\":134,\"caption\":\"Metadestinos CV. Tu red de destinos virtuales\"},\"image\":{\"@id\":\"https:\/\/metadestinoscv.es\/#\/schema\/logo\/image\/\"}}]}<\/script>\n<!-- \/ Yoast SEO plugin. -->","yoast_head_json":{"title":"IES Antonio Jos\u00e9 Cavanilles\u00a0 - Metadestinos CV. Tu red de destinos virtuales","robots":{"index":"index","follow":"follow","max-snippet":"max-snippet:-1","max-image-preview":"max-image-preview:large","max-video-preview":"max-video-preview:-1"},"canonical":"https:\/\/metadestinoscv.es\/index.php\/ies-antonio-jose-cavanilles\/","og_locale":"es_ES","og_type":"article","og_title":"IES Antonio Jos\u00e9 Cavanilles\u00a0 - Metadestinos CV. Tu red de destinos virtuales","og_description":"IES ANONIO JOS\u00c9 CAVANILLES El\u202fIES Antonio Jos\u00e9 Cavanilles, conocido popularmente como el\u202fInstituto Polit\u00e9cnico de Alicante, es un instituto de la ciudad de Alicante.\u00a0 Fue creado como Instituto Polit\u00e9cnico de Formaci\u00f3n Profesional a partir de la antigua Escuela de Trabajo. La Escuela de Trabajo fue fundada en 1927, en el solar de la calle Carratal\u00e1, que [&hellip;]","og_url":"https:\/\/metadestinoscv.es\/index.php\/ies-antonio-jose-cavanilles\/","og_site_name":"Metadestinos CV. Tu red de destinos virtuales","article_modified_time":"2024-01-14T13:21:38+00:00","og_image":[{"url":"https:\/\/metadestinoscv.es\/wp-content\/uploads\/2023\/05\/logo-metadestinos.png","type":"","width":"","height":""}],"twitter_card":"summary_large_image","twitter_misc":{"Tiempo de lectura":"2 minutos"},"schema":{"@context":"https:\/\/schema.org","@graph":[{"@type":"WebPage","@id":"https:\/\/metadestinoscv.es\/index.php\/ies-antonio-jose-cavanilles\/","url":"https:\/\/metadestinoscv.es\/index.php\/ies-antonio-jose-cavanilles\/","name":"IES Antonio Jos\u00e9 Cavanilles\u00a0 - Metadestinos CV. Tu red de destinos virtuales","isPartOf":{"@id":"https:\/\/metadestinoscv.es\/#website"},"primaryImageOfPage":{"@id":"https:\/\/metadestinoscv.es\/index.php\/ies-antonio-jose-cavanilles\/#primaryimage"},"image":{"@id":"https:\/\/metadestinoscv.es\/index.php\/ies-antonio-jose-cavanilles\/#primaryimage"},"thumbnailUrl":"https:\/\/metadestinoscv.es\/wp-content\/uploads\/2023\/05\/logo-metadestinos.png","datePublished":"2023-05-12T17:10:40+00:00","dateModified":"2024-01-14T13:21:38+00:00","breadcrumb":{"@id":"https:\/\/metadestinoscv.es\/index.php\/ies-antonio-jose-cavanilles\/#breadcrumb"},"inLanguage":"es","potentialAction":[{"@type":"ReadAction","target":["https:\/\/metadestinoscv.es\/index.php\/ies-antonio-jose-cavanilles\/"]}]},{"@type":"ImageObject","inLanguage":"es","@id":"https:\/\/metadestinoscv.es\/index.php\/ies-antonio-jose-cavanilles\/#primaryimage","url":"https:\/\/metadestinoscv.es\/wp-content\/uploads\/2023\/05\/logo-metadestinos.png","contentUrl":"https:\/\/metadestinoscv.es\/wp-content\/uploads\/2023\/05\/logo-metadestinos.png","width":671,"height":134,"caption":"P\u00e1gina principal"},{"@type":"BreadcrumbList","@id":"https:\/\/metadestinoscv.es\/index.php\/ies-antonio-jose-cavanilles\/#breadcrumb","itemListElement":[{"@type":"ListItem","position":1,"name":"Portada","item":"https:\/\/metadestinoscv.es\/"},{"@type":"ListItem","position":2,"name":"IES Antonio Jos\u00e9 Cavanilles\u00a0"}]},{"@type":"WebSite","@id":"https:\/\/metadestinoscv.es\/#website","url":"https:\/\/metadestinoscv.es\/","name":"Metadestinos CV. Tu red de destinos virtuales","description":"Metadestinos CV. Tu red de destinos virtuales","publisher":{"@id":"https:\/\/metadestinoscv.es\/#organization"},"alternateName":"Metadestinos","potentialAction":[{"@type":"SearchAction","target":{"@type":"EntryPoint","urlTemplate":"https:\/\/metadestinoscv.es\/?s={search_term_string}"},"query-input":{"@type":"PropertyValueSpecification","valueRequired":true,"valueName":"search_term_string"}}],"inLanguage":"es"},{"@type":"Organization","@id":"https:\/\/metadestinoscv.es\/#organization","name":"Metadestinos CV. Tu red de destinos virtuales","alternateName":"Metadestinos","url":"https:\/\/metadestinoscv.es\/","logo":{"@type":"ImageObject","inLanguage":"es","@id":"https:\/\/metadestinoscv.es\/#\/schema\/logo\/image\/","url":"https:\/\/metadestinoscv.es\/wp-content\/uploads\/2023\/05\/logo-metadestinos.png","contentUrl":"https:\/\/metadestinoscv.es\/wp-content\/uploads\/2023\/05\/logo-metadestinos.png","width":671,"height":134,"caption":"Metadestinos CV. Tu red de destinos virtuales"},"image":{"@id":"https:\/\/metadestinoscv.es\/#\/schema\/logo\/image\/"}}]}},"_links":{"self":[{"href":"https:\/\/metadestinoscv.es\/index.php\/wp-json\/wp\/v2\/pages\/55","targetHints":{"allow":["GET"]}}],"collection":[{"href":"https:\/\/metadestinoscv.es\/index.php\/wp-json\/wp\/v2\/pages"}],"about":[{"href":"https:\/\/metadestinoscv.es\/index.php\/wp-json\/wp\/v2\/types\/page"}],"author":[{"embeddable":true,"href":"https:\/\/metadestinoscv.es\/index.php\/wp-json\/wp\/v2\/users\/1"}],"replies":[{"embeddable":true,"href":"https:\/\/metadestinoscv.es\/index.php\/wp-json\/wp\/v2\/comments?post=55"}],"version-history":[{"count":6,"href":"https:\/\/metadestinoscv.es\/index.php\/wp-json\/wp\/v2\/pages\/55\/revisions"}],"predecessor-version":[{"id":366,"href":"https:\/\/metadestinoscv.es\/index.php\/wp-json\/wp\/v2\/pages\/55\/revisions\/366"}],"wp:attachment":[{"href":"https:\/\/metadestinoscv.es\/index.php\/wp-json\/wp\/v2\/media?parent=55"}],"curies":[{"name":"wp","href":"https:\/\/api.w.org\/{rel}","templated":true}]}}